{"id":36,"date":"2020-11-13T16:06:13","date_gmt":"2020-11-13T15:06:13","guid":{"rendered":"http:\/\/vetohomeo34.com\/?page_id=36"},"modified":"2024-02-01T11:03:03","modified_gmt":"2024-02-01T10:03:03","slug":"vetohomeo34-dr-elisabeth-cosnefroy-homeopathie-veterinaire","status":"publish","type":"page","link":"https:\/\/vetohomeo34.com\/","title":{"rendered":"Dr Elisabeth Cosnefroy Hom\u00e9opathie v\u00e9t\u00e9rinaire"},"content":{"rendered":"\n<p class=\"has-text-align-center\"><strong>Pour votre animal, vous cherchez une \u00e9coute diff\u00e9rente, une m\u00e9decine globale, une alternative \u00e0 un traitement on\u00e9reux ou difficile \u00e0 administrer : <\/strong><\/p>\n\n\n\n<p class=\"has-text-align-center\"><strong>l\u2019hom\u00e9opathie uniciste va vous int\u00e9resser !<\/strong><\/p>\n\n\n\n<p class=\"has-text-align-center\"><span class=\"has-inline-color has-accent-color\">Consultation \u00e0 domicile autour de Lod\u00e8ve et jusqu&#8217;\u00e0 B\u00e9ziers, Montpellier et Millau. <\/span><\/p>\n\n\n\n<p class=\"has-text-align-center\"><span class=\"has-inline-color has-accent-color\">Consultation au cabinet Physiovet34 \u00e0 B\u00e9ziers .<\/span><\/p>\n\n\n\n<figure class=\"wp-block-image size-large is-resized\"><img loading=\"lazy\" src=\"http:\/\/vetohomeo34.com\/wp-content\/uploads\/2020\/11\/IMG_8196-1024x683.jpg\" alt=\"\" class=\"wp-image-18\" width=\"503\" height=\"321\"\/><\/figure>\n\n\n\n<div class=\"wp-block-columns\">\n<div class=\"wp-block-column\">\n<p>Tous les animaux peuvent b\u00e9n\u00e9ficier de cette m\u00e9decine holistique : <\/p>\n\n\n\n<p>chiens, chats, chevaux, vaches, brebis, ch\u00e8vres, porcs \u2026<\/p>\n<\/div>\n\n\n\n<div class=\"wp-block-column\">\n<p>Toutes les pathologies peuvent \u00eatre prises en charge, de la plus b\u00e9nigne \u00e0 la plus grave. <\/p>\n\n\n\n<p>L\u2019 essentiel est de soigner et soulager votre animal. Une collaboration avec votre v\u00e9t\u00e9rinaire traitant peut se mettre en place.<\/p>\n<\/div>\n<\/div>\n\n\n\n<figure class=\"wp-block-image size-large\"><img loading=\"lazy\" width=\"1024\" height=\"768\" src=\"http:\/\/vetohomeo34.com\/wp-content\/uploads\/2020\/11\/IMG_5311-1024x768.jpg\" alt=\"\" class=\"wp-image-9\" srcset=\"https:\/\/vetohomeo34.com\/wp-content\/uploads\/2020\/11\/IMG_5311-1024x768.jpg 1024w, https:\/\/vetohomeo34.com\/wp-content\/uploads\/2020\/11\/IMG_5311-300x225.jpg 300w, https:\/\/vetohomeo34.com\/wp-content\/uploads\/2020\/11\/IMG_5311-768x576.jpg 768w, https:\/\/vetohomeo34.com\/wp-content\/uploads\/2020\/11\/IMG_5311-1536x1152.jpg 1536w, https:\/\/vetohomeo34.com\/wp-content\/uploads\/2020\/11\/IMG_5311-2048x1536.jpg 2048w, https:\/\/vetohomeo34.com\/wp-content\/uploads\/2020\/11\/IMG_5311-1568x1176.jpg 1568w\" sizes=\"(max-width: 1024px) 100vw, 1024px\" \/><\/figure>\n\n\n\n<p><\/p>\n","protected":false},"excerpt":{"rendered":"<p>Pour votre animal, vous cherchez une \u00e9coute diff\u00e9rente, une m\u00e9decine globale, une alternative \u00e0 un traitement on\u00e9reux ou difficile \u00e0 administrer : l\u2019hom\u00e9opathie uniciste va vous int\u00e9resser ! Consultation \u00e0 domicile autour de Lod\u00e8ve et jusqu&#8217;\u00e0 B\u00e9ziers, Montpellier et Millau. Consultation au cabinet Physiovet34 \u00e0 B\u00e9ziers . Tous les animaux peuvent b\u00e9n\u00e9ficier de cette m\u00e9decine [&hellip;]<\/p>\n","protected":false},"author":1,"featured_media":0,"parent":0,"menu_order":0,"comment_status":"closed","ping_status":"closed","template":"","meta":[],"_links":{"self":[{"href":"https:\/\/vetohomeo34.com\/index.php\/wp-json\/wp\/v2\/pages\/36"}],"collection":[{"href":"https:\/\/vetohomeo34.com\/index.php\/wp-json\/wp\/v2\/pages"}],"about":[{"href":"https:\/\/vetohomeo34.com\/index.php\/wp-json\/wp\/v2\/types\/page"}],"author":[{"embeddable":true,"href":"https:\/\/vetohomeo34.com\/index.php\/wp-json\/wp\/v2\/users\/1"}],"replies":[{"embeddable":true,"href":"https:\/\/vetohomeo34.com\/index.php\/wp-json\/wp\/v2\/comments?post=36"}],"version-history":[{"count":10,"href":"https:\/\/vetohomeo34.com\/index.php\/wp-json\/wp\/v2\/pages\/36\/revisions"}],"predecessor-version":[{"id":130,"href":"https:\/\/vetohomeo34.com\/index.php\/wp-json\/wp\/v2\/pages\/36\/revisions\/130"}],"wp:attachment":[{"href":"https:\/\/vetohomeo34.com\/index.php\/wp-json\/wp\/v2\/media?parent=36"}],"curies":[{"name":"wp","href":"https:\/\/api.w.org\/{rel}","templated":true}]}}